ative of 3*o**5/20 - o**3/6 + o**2. Suppose -2*p + 2 = 10. Let l be 5/(-15) - p/(-6). Give h(l).
8
Let b = 26 - 14. Let o(s) = b*s - 20*s + 0 + 3*s**2 + 11*s - s**3 - 3. Give o(4).
-7
Let x be 2*3 + (-19 - -15). Let t(r) = -5*r**2 - 6*r + r**x + 3*r**2 - 1. What is t(-6)?
-1
Let h(f) be the second derivative of -f**3/3 - 2*f**2 + 57*f - 2. Give h(6).
-16
Let i(x) = x**3 + 3*x**2 - 2*x + 2. Let c be i(-4). Suppose -2*l = -3*l. Let z(y) = l + y**3 - 7 + 0 - 8*y + 5*y**2. Determine z(c).
5
Let f(a) = a**3 - 5*a**2 + 6*a - 4. Let i = 40 + -37. Suppose -6*y = i*y - 36. Determine f(y).
4
Let u(n) be the third derivative of n**5/60 - n**4/3 + 2*n**3 + 188*n**2. Determine u(5).
-3
Suppose 0 = 16*c - 52 - 28. Let o(x) be the third derivative of 4*x**2 + 1/12*x**4 + 1/6*x**3 + 0 + 1/30*x**c + 0*x. Give o(-3).
13
Let i(z) = -z**2 - 6*z - 5. Let f be (-33)/5 + ((-333)/45 - -7). Calculate i(f).
-12
Let f = 34 - 31. Let v(l) = l + 0*l**2 + 5*l - 2*l**2 - f*l. Calculate v(2).
-2
Let d = -8 - -10. Let q(v) = -7 - 1 + 3 - v**d - 6*v - v. Determine q(-5).
5
Let u(i) = 2*i - 7. Let r be u(3). Let j be r - (-4)/(20/(-25)). Let h(m) = m**3 + 7*m**2 + 7*m. Calculate h(j).
-6
Let s(n) = 0*n + 53 + n - 86 + 0*n + 37. What is s(-2)?
2
Let b(n) be the second derivative of -11*n - 3*n**2 - 4/3*n**3 + 0 + 1/12*n**4. Determine b(7).
-13
Let t(z) = z**3 - 4*z**2 + 4*z. Suppose 5*q = -4*w + 2, 12*w + 5*q + 1 = 9*w. Give t(w).
3
Suppose -8 + 4 = -4*q. Suppose -8 = -x + q. Let z be (-24)/x + 4/6. Let v(w) = -w - 1. Determine v(z).
1
Suppose -4*c + 19 = -3*c. Suppose v + 3 = 0, 0*a - 3*v = 2*a + c. Let l(g) = g**3 + 7*g**2 + 6*g. Give l(a).
20
Let f(s) = -20*s**3 - 3*s**2 - 4*s + 17. Let g(d) = 9*d**3 + d**2 + 2*d - 7. Let t(y) = 2*f(y) + 5*g(y). Calculate t(1).
5
Let k(d) = d**3 + 7*d**2 + 4*d + 1. Let m(p) = -p**2 + 15*p + 12. Let w be m(16). Let x be -8 + -2 - 1*w. Calculate k(x).
13
Let w(t) = -t**3 - 5*t**2 + 6*t + 2. Let u = 16 - 36. Let v = 24 + u. Let c be (-4)/(2 + v/(-3)). Calculate w(c).
2
Let y(s) = -571 - 579 - 6*s - 3*s**2 + 4*s**2 + 1157. What is y(6)?
7
Let y = 17 + -23. Let a(p) = -p**3 - 6*p**2 - 2*p + 3. Let r be a(y). Let g be r/6*16/10. Let q(o) = -o + 5. Determine q(g).
1
Let z(h) = 2*h + 25. Suppose 0 = -16*f - 10*f + 4*f. Determine z(f).
25
Let a(p) be the first derivative of 12 - p**2 + 3*p + 0*p**2 - 2*p + 17. Calculate a(1).
-1
Let p = 149 - 150. Let m(r) = -r. Calculate m(p).
1
Let l(q) = -q**2 - q - 10. Suppose -2*s - 9 = -5*a, 6*s + a - 12 = 3*s. Let v(p) = p**2 + 2*p + 9. Let r(y) = s*l(y) + 4*v(y). Give r(-5).
6
Let w(f) = -f + 10. Let z = -38 - -33. What is w(z)?
15
Let n(x) = 6*x**2 + 8*x + 3. Let a(y) = 6*y**2 + 6*y + 2. Let u(z) = -3*a(z) + 2*n(z). Determine u(2).
-28
Let q(m) be the second derivative of -m**3/2 - 7*m**2/2 - 20*m + 11. What is q(-7)?
14
Suppose -r - 17*a = -12*a - 28, 4*r = -5*a + 37. Let t(s) = s**2 - 4*s + 4. What is t(r)?
1
Let s(p) = p - 2. Suppose -2 = -3*n + 1. Let z be 1/(n/5)*(-6)/15. What is s(z)?
-4
Let n = 11 + -15. Let j(p) = 4*p**2 - p - 1. Let f(t) = 3 - 4 - t**2 + 0 - 2*t + t. Let l(k) = 5*f(k) + j(k). Give l(n).
2
Let d = -1 - -1. Let k be 6/(-45) + 454/30. Let h(l) = l - l**2 + 0*l**2 - k + 9. What is h(d)?
-6
Suppose -9 = 10*h - 29. Suppose 0 = -3*j - h*c + c + 17, 4*c = -3*j + 32. Let a(t) = -t**3 + 5*t**2 - 6*t + 1. Calculate a(j).
-7
Let v(q) = -q - 2*q - 1 + 0*q**3 + 2*q + q**3 + 6*q**2 - 7*q. Calculate v(-7).
6
Let p(b) = b - 7. Suppose -3 = j + 3*k, 0*k + 5 = 5*j - 5*k. Suppose -2*g = -4*f + 8 + 2, j = g + 5. What is p(f)?
-7
Let c(t) = -t - 4. Let d be c(-3). Let y(b) = -21*b**2 + b - 4. Let w(l) = 22*l**2 - l + 5. Let n(f) = -5*w(f) - 6*y(f). What is n(d)?
16
Suppose 0*j + 5*j = 0. Suppose 0 = 6*u - j*u. Let w(r) = -27*r**2 - 6*r - r**3 - 2 + u*r + 34*r**2. Determine w(6).
-2
Let s(v) be the second derivative of 0 + 1/3*v**3 - 1/6*v**4 + 3/2*v**2 - 1/10*v**5 + 3*v. Give s(-2).
7
Let p(b) = 3*b + 54. Let o be p(-17). Let x(w) be the first derivative of 1/2*w**2 - 1/3*w**o - 4 - 5*w. Calculate x(0).
-5
Let c(i) = i**2 + 4*i. Let o(v) = -v**2 - 7*v + 4. Let d(r) = -2*c(r) - o(r). Let t = 1 - 1. What is d(t)?
-4
Let c(w) be the third derivative of -w**7/2520 - w**6/720 + w**5/12 - 8*w**2. Let z(m) be the third derivative of c(m). Determine z(-1).
1
Let c(y) be the first derivative of y**5/60 - 7*y**4/24 + y**3/2 - 2*y**2 + 2. Let j(s) be the second derivative of c(s). Let v = -129 - -135. What is j(v)?
-3
Suppose 5*m - 4 + 16 = -2*f, -4*f - 24 = 2*m. Let c be 50/4 + 10/(-20). Let u(h) = -18*h - 6 + c*h + 4*h. Calculate u(f).
6
Let h(f) be the first derivative of 1/3*f**3 - 2 - 7/2*f**2 + 6*f. Calculate h(5).
-4
Let g(f) = 6 - 2 - 2 + 4*f + 1. Suppose -4*q + b - 2 - 1 = 0, 24 = -2*q - 4*b. Calculate g(q).
-5
Let r(b) = 4*b + 15. Let o = 41 - 44. Let k be r(o). Let x(a) be the first derivative of a**4/4 - a**3 + a - 2. Determine x(k).
1
Let y(a) be the first derivative of -a - 4/3*a**3 + 4 + 0*a**2. Give y(1).
-5
Let o(x) = -x**3 - 5*x**2 - 3*x + 1. Suppose -23*c - 172 = -57. Determine o(c).
16
Let c(y) = -y**2 + 25 - 78 + 8*y + 23 + 25. Calculate c(7).
2
Let s(w) = w**2 - 19*w - 5. Suppose -2*g + 17 = -21. Give s(g).
-5
Let z(u) = -u**3 - 3*u**2 + 3*u + 13. Let n(q) = -q**2 - 2*q - 2. Let x(b) = 4*n(b) + z(b). Calculate x(-5).
-20
Suppose -2*u - 2*a = -7*u + 31, 12 = -4*a. Suppose -9 = -2*i + u*i. Let f(k) = 2*k + 2*k**2 + k**3 + 2 + 1 - 3*k + 0*k. Determine f(i).
-3
Let b(z) = 22 + 4 + 185*z - 189*z. Give b(13).
-26
Suppose 3*y + 4*y + 63 = 0. Let b(o) = o. Let w(d) = 4*d + 6. Let h(t) = 3*b(t) - w(t). Determine h(y).
3
Let v(d) be the first derivative of -2*d**3 - 3*d + 1/4*d**4 + 13 + d**2. Calculate v(5).
-18
Let z(k) = k**2 - 9*k - 15. Suppose -19*u + 46*u - 243 = 0. Determine z(u).
-15
Let l(d) = -2*d + 11*d**2 + 0*d**2 - 8*d**2 - 6*d**2. Determine l(-2).
-8
Suppose 0 = -c - 4*c. Suppose -36 = 3*q - c. Let i = q - -10. Let s(x) = x**3. Give s(i).
-8
Let u(s) = s**2 - 13*s + 16. Suppose -5*b = 2*y - 8*b - 30, 4*b - 16 = -2*y. What is u(y)?
4
Let x(u) = -3*u**3 + 5*u + 4. Let j(v) = v**3 - v**2 - v - 1. Let g(t) = 2*j(t) + x(t). Suppose 437*k - 446*k - 18 = 0. What is g(k)?
-4
Let i(p) = p**2 + 12*p + 34. Let y be i(-8). Let x(f) = 10*f**y + 4 - f**2 + 8*f**2 + f**3 - 22*f**2 + 3*f. What is x(4)?
0
Let t be ((-4)/(-2))/(12/8 - 2). Let p(g) = -149 - 3*g - 149 + 303. Determine p(t).
17
Let l be (36/(-126))/((-116)/28 - -4). Let a(p) = p**2 + 4*p**2 + 3 - 4*p - 4*p**2. Give a(l).
-1
Let s(p) be the first derivative of -6 + p**2 - 3 + 2*p + p**2 + 5. Give s(-2).
-6
Let f(a) = a**2 + 6*a + 2. Let y = 184 + -188. Determine f(y).
-6
Let d(l) = l**3 + 17*l**2 + 15*l - 12. Let q be d(-16). Let m(x) = -8 - q*x + 25 - x**2 - 8 - 6. Determine m(-5).
-2
Let t(x) = -x**3 - 25*x**2 - 45*x + 24. Let s be t(-23). Let g(l) be the first derivative of -s - 4*l - 1/2*l**2. Give g(0).
-4
Let h = -9 + 7. Let k be 2/9 - 275/(-99). Let x(j) = k*j + 0 + 4 - 4. Calculate x(h).
-6
Let u(d) = -d - 2. Let f(i) = i**3 + 7*i**2 + 6*i. Let g be f(-6). Let k(h) = -1 + 5 - 3 + g. Let p(q) = -2*k(q) - 3*u(q). Give p(-3).
-5
Let h(i) = -i**3 + 4*i**2 - 3*i + 6. Let b be h(4). Let s(y) be the third derivative of 0*y**3 - 14*y**2 + 0 + 0*y - 1/24*y**4. Determine s(b).
6
Let i(n) = n**3 + 8*n**2 + 10. Let c be ((-88)/10)/(((-30)/25)/(-6)). Let m = c + 36. What is i(m)?
10
Let k be -5*1 - (-108)/18. Let q(f) = -26*f + 1. Give q(k).
-25
Let s(o) = -5*o - 9 + 27 - 16. Calculate s(-3).
17
Suppose -365*o = -359*o - 12. Let d(g) = 10*g**2 - 2. What is d(o)?
38
Let l = -840 + 1681/2. Let s(o) be the first derivative of l*o**2 + 0*o + 7 + 4*o**3. Give s(-1).
11
Let n(j) = -22*j**3 - j. Let i(x) = -x**2 + 13*x - 37. Let b be i(4). Calculate n(b).
23
Let a(c) = -c**2 - 1. Let i(l) = l**3 - l**2 - 4*l - 3. Let v(y) = -3*a(y) - i(y). Determine v(5).
1
Let j(y) = -5*y**3 - y**2 + y - 1. Let o(d) = d**2 - 4*d - 17. Let w be o(9). Let v(n) = -3 + 51*n - w*n - 21*n. Let p be v(2). Determine j(p).
-6
Let i(b) be the first derivative of -b**7/840 - b**6/120 - b**5/60 - b**4/6 + 8*b**3/3 - 13. Let p(r) be the third derivative of i(r). Give p(-3).
2
Let x(b) = b + 16. Let q = 231 - 246. Determine x(q).
1
Let w(a) be the first derivative of 2 + 2*a**2 + 2